{"id":257,"date":"2017-08-02T09:22:17","date_gmt":"2017-08-02T09:22:17","guid":{"rendered":"http:\/\/rushmore.wpcolorlab.com\/?page_id=257"},"modified":"2025-12-01T02:29:41","modified_gmt":"2025-12-01T06:29:41","slug":"event","status":"publish","type":"page","link":"http:\/\/cope.ubiobio.cl\/?page_id=257","title":{"rendered":"Eventos"},"content":{"rendered":"\t\t<div data-elementor-type=\"wp-post\" data-elementor-id=\"257\" class=\"elementor elementor-257\" data-elementor-settings=\"[]\">\n\t\t\t<div class=\"elementor-inner\">\n\t\t\t\t<div class=\"elementor-section-wrap\">\n\t\t\t\t\t\t\t<section class=\"elementor-element elementor-element-b23982a elementor-section-boxed elementor-section-height-default elementor-section-height-default elementor-section elementor-top-section\" data-id=\"b23982a\" data-element_type=\"section\">\n\t\t\t\t\t\t<div class=\"elementor-container elementor-column-gap-default\">\n\t\t\t\t<div class=\"elementor-row\">\n\t\t\t\t<div class=\"elementor-element elementor-element-03fcde8 elementor-column elementor-col-100 elementor-top-column\" data-id=\"03fcde8\" data-element_type=\"column\">\n\t\t\t<div class=\"elementor-column-wrap  elementor-element-populated\">\n\t\t\t\t\t<div class=\"elementor-widget-wrap\">\n\t\t\t\t<div class=\"elementor-element elementor-element-ff66f29 elementor-widget elementor-widget-sciencex-sciencex\" data-id=\"ff66f29\" data-element_type=\"widget\" data-widget_type=\"sciencex-sciencex.default\">\n\t\t\t\t<div class=\"elementor-widget-container\">\n\t\t\t\n            <div class=\"sciencex-content-area page-events stage_events_post\">\n                <div class=\"events_post-sagment-wrap\">\n                    <div class=\"events_post-sagment container-sagment\">\n\n                        <div class=\"row\">\n\t\t\t\t\t\t\t                                <div class=\"col-sm-6\">\n                                    <article class=\"sabbi-events-item\">\n                                        <a href=\"http:\/\/cope.ubiobio.cl\/?event=seminario-internacional-ventilacion-salud-y-bienestar-en-aulas-escolares\" class=\"sabbi-events-link\">\n                                            <figure>\n\t\t\t\t\t\t\t\t\t\t\t\t<img loading=\"lazy\" decoding=\"async\" width=\"555\" height=\"370\" src=\"http:\/\/cope.ubiobio.cl\/wp-content\/uploads\/2025\/12\/seminario-internacional_portada-post-555x370.png\" class=\"sabbi-events-img img-responsive\" alt=\"\" \/>                                                <figcaption>\n                                                    <h2 class=\"sabbi-events-title font-md__x\">Seminario Internacional: ventilaci\u00f3n, salud y bienestar en aulas escolares<\/h2>\n                                                <\/figcaption>\n                                            <\/figure>\n                                        <\/a>\n                                        <div class=\"events-item-meta\">\n\t\t\t\t\t\t\t\t\t\t\t                                                <div class=\"events-loc\"><i class=\"ion-location\"><\/i><span class=\"text\">Edificio de innovaci\u00f3n <\/span><\/div>\n\t\t\t\t\t\t\t\t\t\t\t\t\t\t\t\t\t\t\t\t\t\t                                                <div class=\"events-date\">\n                                                    <i class=\"ion-calendar\"><\/i>\n                                                    <span class=\"text\">\n                                                        1 Jan 2025                                                    <\/span>\n                                                <\/div>\n\t\t\t\t\t\t\t\t\t\t\t                                        <\/div>\n                                    <\/article><!-- \/.sabbi-events-item -->\n                                <\/div>\n\t\t\t\t\t\t\t                                <div class=\"col-sm-6\">\n                                    <article class=\"sabbi-events-item\">\n                                        <a href=\"http:\/\/cope.ubiobio.cl\/?event=workshop-revision-sistematica-de-literatura\" class=\"sabbi-events-link\">\n                                            <figure>\n\t\t\t\t\t\t\t\t\t\t\t\t<img loading=\"lazy\" decoding=\"async\" width=\"555\" height=\"370\" src=\"http:\/\/cope.ubiobio.cl\/wp-content\/uploads\/2025\/12\/afiche-workshop-revision-sistematica-copia-555x370.jpg\" class=\"sabbi-events-img img-responsive\" alt=\"\" \/>                                                <figcaption>\n                                                    <h2 class=\"sabbi-events-title font-md__x\">Workshop: revisi\u00f3n sistem\u00e1tica de literatura<\/h2>\n                                                <\/figcaption>\n                                            <\/figure>\n                                        <\/a>\n                                        <div class=\"events-item-meta\">\n\t\t\t\t\t\t\t\t\t\t\t                                                <div class=\"events-loc\"><i class=\"ion-location\"><\/i><span class=\"text\">sala de postgrados FARCODI<\/span><\/div>\n\t\t\t\t\t\t\t\t\t\t\t\t\t\t\t\t\t\t\t\t\t\t                                                <div class=\"events-date\">\n                                                    <i class=\"ion-calendar\"><\/i>\n                                                    <span class=\"text\">\n                                                        26 Sep 2025                                                    <\/span>\n                                                <\/div>\n\t\t\t\t\t\t\t\t\t\t\t                                        <\/div>\n                                    <\/article><!-- \/.sabbi-events-item -->\n                                <\/div>\n\t\t\t\t\t\t\t                                <div class=\"col-sm-6\">\n                                    <article class=\"sabbi-events-item\">\n                                        <a href=\"http:\/\/cope.ubiobio.cl\/?event=seminario-arquitectura-y-diseno-centrado-en-las-personas\" class=\"sabbi-events-link\">\n                                            <figure>\n\t\t\t\t\t\t\t\t\t\t\t\t<img loading=\"lazy\" decoding=\"async\" width=\"555\" height=\"370\" src=\"http:\/\/cope.ubiobio.cl\/wp-content\/uploads\/2025\/12\/251001-Charla-01-555x370.jpg\" class=\"sabbi-events-img img-responsive\" alt=\"\" \/>                                                <figcaption>\n                                                    <h2 class=\"sabbi-events-title font-md__x\">Seminario: Arquitectura y Dise\u00f1o centrado en las Personas<\/h2>\n                                                <\/figcaption>\n                                            <\/figure>\n                                        <\/a>\n                                        <div class=\"events-item-meta\">\n\t\t\t\t\t\t\t\t\t\t\t                                                <div class=\"events-loc\"><i class=\"ion-location\"><\/i><span class=\"text\">Edificio innovaci\u00f3n UBB <\/span><\/div>\n\t\t\t\t\t\t\t\t\t\t\t\t\t\t\t\t\t\t\t\t\t\t                                                <div class=\"events-date\">\n                                                    <i class=\"ion-calendar\"><\/i>\n                                                    <span class=\"text\">\n                                                        8 Oct 2025                                                    <\/span>\n                                                <\/div>\n\t\t\t\t\t\t\t\t\t\t\t                                        <\/div>\n                                    <\/article><!-- \/.sabbi-events-item -->\n                                <\/div>\n\t\t\t\t\t\t\t                                <div class=\"col-sm-6\">\n                                    <article class=\"sabbi-events-item\">\n                                        <a href=\"http:\/\/cope.ubiobio.cl\/?event=conectando-saberes-exploradores-de-energias-renovables-en-chile\" class=\"sabbi-events-link\">\n                                            <figure>\n\t\t\t\t\t\t\t\t\t\t\t\t<img loading=\"lazy\" decoding=\"async\" width=\"555\" height=\"370\" src=\"http:\/\/cope.ubiobio.cl\/wp-content\/uploads\/2020\/08\/2020-08-18-CAMILA-VASQUEZ_Mesa-de-trabajo-1-555x370.png\" class=\"sabbi-events-img img-responsive\" alt=\"\" \/>                                                <figcaption>\n                                                    <h2 class=\"sabbi-events-title font-md__x\">Conectando saberes: Exploradores de Energ\u00edas Renovables en Chile<\/h2>\n                                                <\/figcaption>\n                                            <\/figure>\n                                        <\/a>\n                                        <div class=\"events-item-meta\">\n\t\t\t\t\t\t\t\t\t\t\t                                                <div class=\"events-loc\"><i class=\"ion-location\"><\/i><span class=\"text\">Online<\/span><\/div>\n\t\t\t\t\t\t\t\t\t\t\t\t\t\t\t\t\t\t\t\t\t\t                                                <div class=\"events-date\">\n                                                    <i class=\"ion-calendar\"><\/i>\n                                                    <span class=\"text\">\n                                                        18 Aug 2020                                                    <\/span>\n                                                <\/div>\n\t\t\t\t\t\t\t\t\t\t\t                                        <\/div>\n                                    <\/article><!-- \/.sabbi-events-item -->\n                                <\/div>\n\t\t\t\t\t\t\t                                <div class=\"col-sm-6\">\n                                    <article class=\"sabbi-events-item\">\n                                        <a href=\"http:\/\/cope.ubiobio.cl\/?event=simposio\" class=\"sabbi-events-link\">\n                                            <figure>\n\t\t\t\t\t\t\t\t\t\t\t\t<img loading=\"lazy\" decoding=\"async\" width=\"555\" height=\"370\" src=\"http:\/\/cope.ubiobio.cl\/wp-content\/uploads\/2020\/05\/Sin-t\u00edtulo-1-555x370.jpg\" class=\"sabbi-events-img img-responsive\" alt=\"\" \/>                                                <figcaption>\n                                                    <h2 class=\"sabbi-events-title font-md__x\">Simposio<\/h2>\n                                                <\/figcaption>\n                                            <\/figure>\n                                        <\/a>\n                                        <div class=\"events-item-meta\">\n\t\t\t\t\t\t\t\t\t\t\t\t\t\t\t\t\t\t\t\t\t\t                                                <div class=\"events-date\">\n                                                    <i class=\"ion-calendar\"><\/i>\n                                                    <span class=\"text\">\n                                                        8 Jun 2020                                                    <\/span>\n                                                <\/div>\n\t\t\t\t\t\t\t\t\t\t\t                                        <\/div>\n                                    <\/article><!-- \/.sabbi-events-item -->\n                                <\/div>\n\t\t\t\t\t\t\t                                <div class=\"col-sm-6\">\n                                    <article class=\"sabbi-events-item\">\n                                        <a href=\"http:\/\/cope.ubiobio.cl\/?event=simposio-internacional-entornos-de-aprendizaje-confortables-y-saludables\" class=\"sabbi-events-link\">\n                                            <figure>\n\t\t\t\t\t\t\t\t\t\t\t\t<img loading=\"lazy\" decoding=\"async\" width=\"555\" height=\"370\" src=\"http:\/\/cope.ubiobio.cl\/wp-content\/uploads\/2020\/01\/Evento-MHSEE-555x370.png\" class=\"sabbi-events-img img-responsive\" alt=\"\" \/>                                                <figcaption>\n                                                    <h2 class=\"sabbi-events-title font-md__x\">Seminario Internacional: Resiliencia y Sustentabilidad ante los Desastres Naturales: El rol de los Edificios Escolares<\/h2>\n                                                <\/figcaption>\n                                            <\/figure>\n                                        <\/a>\n                                        <div class=\"events-item-meta\">\n\t\t\t\t\t\t\t\t\t\t\t                                                <div class=\"events-loc\"><i class=\"ion-location\"><\/i><span class=\"text\">Auditorio Hermann Gamm, Universidad del B\u00edo-B\u00edo, Universidad del B\u00edo-B\u00edo, Concepci\u00f3n, Chile<\/span><\/div>\n\t\t\t\t\t\t\t\t\t\t\t\t\t\t\t\t\t\t\t\t\t\t                                                <div class=\"events-date\">\n                                                    <i class=\"ion-calendar\"><\/i>\n                                                    <span class=\"text\">\n                                                        11 Mar 2020                                                    <\/span>\n                                                <\/div>\n\t\t\t\t\t\t\t\t\t\t\t                                        <\/div>\n                                    <\/article><!-- \/.sabbi-events-item -->\n                                <\/div>\n\t\t\t\t\t\t\t                        <\/div>\n\n                    <\/div><!-- \/.events_post-sagment -->\n\n\n\t\t\t\t\t                        <nav aria-label=\"Page navigation\" class=\"pagination_wraper\">\n\t\t\t\t\t\t\t                        <\/nav>\n\t\t\t\t\t\n                <\/div>\n            <\/div><!-- #primary -->\n\t\t\t\t<\/div>\n\t\t\t\t<\/div>\n\t\t\t\t\t\t<\/div>\n\t\t\t<\/div>\n\t\t<\/div>\n\t\t\t\t\t\t<\/div>\n\t\t\t<\/div>\n\t\t<\/section>\n\t\t\t\t\t\t<\/div>\n\t\t\t<\/div>\n\t\t<\/div>\n\t\t","protected":false},"excerpt":{"rendered":"<p>Seminario Internacional: ventilaci\u00f3n, salud y bienestar en aulas escolares Edificio de innovaci\u00f3n 1 Jan 2025 Workshop: revisi\u00f3n sistem\u00e1tica de literatura sala de postgrados FARCODI 26 Sep 2025 Seminario: Arquitectura y Dise\u00f1o centrado en las Personas Edificio innovaci\u00f3n UBB 8 Oct 2025 Conectando saberes: Exploradores de Energ\u00edas Renovables en Chile Online 18 Aug 2020 Simposio 8 [&hellip;]<\/p>\n","protected":false},"author":1,"featured_media":2660,"parent":0,"menu_order":0,"comment_status":"closed","ping_status":"closed","template":"","meta":{"footnotes":""},"class_list":["post-257","page","type-page","status-publish","has-post-thumbnail","hentry"],"jetpack_sharing_enabled":true,"_links":{"self":[{"href":"http:\/\/cope.ubiobio.cl\/index.php?rest_route=\/wp\/v2\/pages\/257","targetHints":{"allow":["GET"]}}],"collection":[{"href":"http:\/\/cope.ubiobio.cl\/index.php?rest_route=\/wp\/v2\/pages"}],"about":[{"href":"http:\/\/cope.ubiobio.cl\/index.php?rest_route=\/wp\/v2\/types\/page"}],"author":[{"embeddable":true,"href":"http:\/\/cope.ubiobio.cl\/index.php?rest_route=\/wp\/v2\/users\/1"}],"replies":[{"embeddable":true,"href":"http:\/\/cope.ubiobio.cl\/index.php?rest_route=%2Fwp%2Fv2%2Fcomments&post=257"}],"version-history":[{"count":8,"href":"http:\/\/cope.ubiobio.cl\/index.php?rest_route=\/wp\/v2\/pages\/257\/revisions"}],"predecessor-version":[{"id":3933,"href":"http:\/\/cope.ubiobio.cl\/index.php?rest_route=\/wp\/v2\/pages\/257\/revisions\/3933"}],"wp:featuredmedia":[{"embeddable":true,"href":"http:\/\/cope.ubiobio.cl\/index.php?rest_route=\/wp\/v2\/media\/2660"}],"wp:attachment":[{"href":"http:\/\/cope.ubiobio.cl\/index.php?rest_route=%2Fwp%2Fv2%2Fmedia&parent=257"}],"curies":[{"name":"wp","href":"https:\/\/api.w.org\/{rel}","templated":true}]}}