{"id":3508,"date":"2020-07-20T11:03:31","date_gmt":"2020-07-20T15:03:31","guid":{"rendered":"http:\/\/cope.ubiobio.cl\/?page_id=3508"},"modified":"2020-07-20T13:16:36","modified_gmt":"2020-07-20T17:16:36","slug":"resiliencia-net-zero-energia-en-edificios","status":"publish","type":"page","link":"http:\/\/cope.ubiobio.cl\/?page_id=3508","title":{"rendered":"Resiliencia &#038; Net-Zero Energ\u00eda en Edificios"},"content":{"rendered":"\t\t<div data-elementor-type=\"wp-page\" data-elementor-id=\"3508\" class=\"elementor elementor-3508\" data-elementor-settings=\"[]\">\n\t\t\t<div class=\"elementor-inner\">\n\t\t\t\t<div class=\"elementor-section-wrap\">\n\t\t\t\t\t\t\t<section class=\"elementor-element elementor-element-8da5c39 elementor-section-boxed elementor-section-height-default elementor-section-height-default elementor-section elementor-top-section\" data-id=\"8da5c39\" data-element_type=\"section\">\n\t\t\t\t\t\t<div class=\"elementor-container elementor-column-gap-default\">\n\t\t\t\t<div class=\"elementor-row\">\n\t\t\t\t<div class=\"elementor-element elementor-element-3b28515 elementor-column elementor-col-25 elementor-top-column\" data-id=\"3b28515\" data-element_type=\"column\">\n\t\t\t<div class=\"elementor-column-wrap  elementor-element-populated\">\n\t\t\t\t\t<div class=\"elementor-widget-wrap\">\n\t\t\t\t<div class=\"elementor-element elementor-element-b966268 elementor-widget elementor-widget-heading\" data-id=\"b966268\" data-element_type=\"widget\" data-widget_type=\"heading.default\">\n\t\t\t\t<div class=\"elementor-widget-container\">\n\t\t\t<h2 class=\"elementor-heading-title elementor-size-default\">T\u00ed<b>tul<\/b>o<\/h2>\t\t<\/div>\n\t\t\t\t<\/div>\n\t\t\t\t<div class=\"elementor-element elementor-element-10206b7 elementor-widget elementor-widget-text-editor\" data-id=\"10206b7\" data-element_type=\"widget\" data-widget_type=\"text-editor.default\">\n\t\t\t\t<div class=\"elementor-widget-container\">\n\t\t\t\t\t<div class=\"elementor-text-editor elementor-clearfix\"><p>Resiliencia &amp; Net-Zero Energ\u00eda en Edificios<\/p><\/div>\n\t\t\t\t<\/div>\n\t\t\t\t<\/div>\n\t\t\t\t\t\t<\/div>\n\t\t\t<\/div>\n\t\t<\/div>\n\t\t\t\t<div class=\"elementor-element elementor-element-9c896c5 elementor-column elementor-col-25 elementor-top-column\" data-id=\"9c896c5\" data-element_type=\"column\">\n\t\t\t<div class=\"elementor-column-wrap  elementor-element-populated\">\n\t\t\t\t\t<div class=\"elementor-widget-wrap\">\n\t\t\t\t<div class=\"elementor-element elementor-element-5ad2bc7 elementor-widget elementor-widget-heading\" data-id=\"5ad2bc7\" data-element_type=\"widget\" data-widget_type=\"heading.default\">\n\t\t\t\t<div class=\"elementor-widget-container\">\n\t\t\t<h2 class=\"elementor-heading-title elementor-size-default\">Investigadores\/as<\/h2>\t\t<\/div>\n\t\t\t\t<\/div>\n\t\t\t\t<div class=\"elementor-element elementor-element-f21e317 elementor-icon-list--layout-traditional elementor-widget elementor-widget-icon-list\" data-id=\"f21e317\" data-element_type=\"widget\" data-widget_type=\"icon-list.default\">\n\t\t\t\t<div class=\"elementor-widget-container\">\n\t\t\t\t\t<ul class=\"elementor-icon-list-items\">\n\t\t\t\t\t\t\t<li class=\"elementor-icon-list-item\" >\n\t\t\t\t\t<a href=\"http:\/\/cope.ubiobio.cl\/?team=dra-beatriz-piderit\">\t\t\t\t\t\t<span class=\"elementor-icon-list-icon\">\n\t\t\t\t\t\t\t<i aria-hidden=\"true\" class=\"fas fa-chevron-circle-right\"><\/i>\t\t\t\t\t\t<\/span>\n\t\t\t\t\t\t\t\t\t\t<span class=\"elementor-icon-list-text\">Mar\u00eda Beatriz Piderit<\/span>\n\t\t\t\t\t\t\t\t\t\t\t<\/a>\n\t\t\t\t\t\t\t\t\t<\/li>\n\t\t\t\t\t\t\t\t<li class=\"elementor-icon-list-item\" >\n\t\t\t\t\t<a href=\"http:\/\/cope.ubiobio.cl\/?team=dr-alexis-perez-fargallo\">\t\t\t\t\t\t<span class=\"elementor-icon-list-icon\">\n\t\t\t\t\t\t\t<i aria-hidden=\"true\" class=\"fas fa-chevron-circle-right\"><\/i>\t\t\t\t\t\t<\/span>\n\t\t\t\t\t\t\t\t\t\t<span class=\"elementor-icon-list-text\">Alexis P\u00e9rez Fargallo<\/span>\n\t\t\t\t\t\t\t\t\t\t\t<\/a>\n\t\t\t\t\t\t\t\t\t<\/li>\n\t\t\t\t\t\t\t\t<li class=\"elementor-icon-list-item\" >\n\t\t\t\t\t\t\t\t\t\t\t<span class=\"elementor-icon-list-icon\">\n\t\t\t\t\t\t\t<i aria-hidden=\"true\" class=\"fas fa-chevron-circle-right\"><\/i>\t\t\t\t\t\t<\/span>\n\t\t\t\t\t\t\t\t\t\t<span class=\"elementor-icon-list-text\">Cecilia Poblete<\/span>\n\t\t\t\t\t\t\t\t\t<\/li>\n\t\t\t\t\t\t\t\t<li class=\"elementor-icon-list-item\" >\n\t\t\t\t\t\t\t\t\t\t\t<span class=\"elementor-icon-list-icon\">\n\t\t\t\t\t\t\t<i aria-hidden=\"true\" class=\"fas fa-chevron-circle-right\"><\/i>\t\t\t\t\t\t<\/span>\n\t\t\t\t\t\t\t\t\t\t<span class=\"elementor-icon-list-text\">Magali Bodart<\/span>\n\t\t\t\t\t\t\t\t\t<\/li>\n\t\t\t\t\t\t\t\t<li class=\"elementor-icon-list-item\" >\n\t\t\t\t\t<a href=\"http:\/\/cope.ubiobio.cl\/?team=shady-attia\">\t\t\t\t\t\t<span class=\"elementor-icon-list-icon\">\n\t\t\t\t\t\t\t<i aria-hidden=\"true\" class=\"fas fa-chevron-circle-right\"><\/i>\t\t\t\t\t\t<\/span>\n\t\t\t\t\t\t\t\t\t\t<span class=\"elementor-icon-list-text\">Shady Attia<\/span>\n\t\t\t\t\t\t\t\t\t\t\t<\/a>\n\t\t\t\t\t\t\t\t\t<\/li>\n\t\t\t\t\t\t<\/ul>\n\t\t\t\t<\/div>\n\t\t\t\t<\/div>\n\t\t\t\t\t\t<\/div>\n\t\t\t<\/div>\n\t\t<\/div>\n\t\t\t\t<div class=\"elementor-element elementor-element-d1d424e elementor-column elementor-col-50 elementor-top-column\" data-id=\"d1d424e\" data-element_type=\"column\">\n\t\t\t<div class=\"elementor-column-wrap  elementor-element-populated\">\n\t\t\t\t\t<div class=\"elementor-widget-wrap\">\n\t\t\t\t<div class=\"elementor-element elementor-element-b2b6266 elementor-widget elementor-widget-heading\" data-id=\"b2b6266\" data-element_type=\"widget\" data-widget_type=\"heading.default\">\n\t\t\t\t<div class=\"elementor-widget-container\">\n\t\t\t<h2 class=\"elementor-heading-title elementor-size-default\">Objetivo<\/h2>\t\t<\/div>\n\t\t\t\t<\/div>\n\t\t\t\t<div class=\"elementor-element elementor-element-4475fa4 elementor-widget elementor-widget-text-editor\" data-id=\"4475fa4\" data-element_type=\"widget\" data-widget_type=\"text-editor.default\">\n\t\t\t\t<div class=\"elementor-widget-container\">\n\t\t\t\t\t<div class=\"elementor-text-editor elementor-clearfix\"><p>El objetivo principal de este proyecto es desarrollar conocimientos en las diferentes \u00e1reas de la investigaci\u00f3n en Resiliencia y Net Zero Energ\u00eda en la edificaci\u00f3n en Chile, para responder al cambio clim\u00e1tico y los desastres naturales eficientemente integrando la innovaci\u00f3n. Se conectar\u00e1n especialistas internacionales en las \u00e1reas de Arquitectura Sustentable y Resiliencia con \u00e9nfasis en Eficiencia Energ\u00e9tica para alcanzar un rendimiento Net-Zero de la edificaci\u00f3n. El proyecto implementar\u00e1 acciones concretas para promover la formaci\u00f3n de capital humano en el \u00e1rea, generar intercambio acad\u00e9mico entre las universidades y la\u00a0 divulgaci\u00f3n cient\u00edfica a la comunidad Chilena y la regi\u00f3n Valona. de las \u00e1reas principales del proyecto. Por un lado, el proyecto se conectar\u00e1 a investigadores de centros de investigaci\u00f3n a nivel internacional que trabajan en Arquitectura Sustentable, Resiliencia y Eficiencia Energ\u00e9tica desarrollando investigaci\u00f3n relevantes en el \u00e1rea, para poder establecer una agenda de estudios centrados en la respuesta al cambio clim\u00e1tico y desastres naturales. Por otro lado, el proyecto desarrollar\u00e1 acciones concretas para promover la formaci\u00f3n de capital humano que permitan fortalecer la comunidad cient\u00edfica tanto en Chile como en la regi\u00f3n Valonia.<\/p><\/div>\n\t\t\t\t<\/div>\n\t\t\t\t<\/div>\n\t\t\t\t\t\t<\/div>\n\t\t\t<\/div>\n\t\t<\/div>\n\t\t\t\t\t\t<\/div>\n\t\t\t<\/div>\n\t\t<\/section>\n\t\t\t\t<section class=\"elementor-element elementor-element-2be2403 elementor-section-boxed elementor-section-height-default elementor-section-height-default elementor-section elementor-top-section\" data-id=\"2be2403\" data-element_type=\"section\">\n\t\t\t\t\t\t<div class=\"elementor-container elementor-column-gap-default\">\n\t\t\t\t<div class=\"elementor-row\">\n\t\t\t\t<div class=\"elementor-element elementor-element-d49e297 elementor-column elementor-col-100 elementor-top-column\" data-id=\"d49e297\" data-element_type=\"column\">\n\t\t\t<div class=\"elementor-column-wrap  elementor-element-populated\">\n\t\t\t\t\t<div class=\"elementor-widget-wrap\">\n\t\t\t\t<div class=\"elementor-element elementor-element-294f0fa elementor-widget elementor-widget-heading\" data-id=\"294f0fa\" data-element_type=\"widget\" data-widget_type=\"heading.default\">\n\t\t\t\t<div class=\"elementor-widget-container\">\n\t\t\t<h2 class=\"elementor-heading-title elementor-size-default\">Resumen<\/h2>\t\t<\/div>\n\t\t\t\t<\/div>\n\t\t\t\t<div class=\"elementor-element elementor-element-dd9e8a4 elementor-widget elementor-widget-text-editor\" data-id=\"dd9e8a4\" data-element_type=\"widget\" data-widget_type=\"text-editor.default\">\n\t\t\t\t<div class=\"elementor-widget-container\">\n\t\t\t\t\t<div class=\"elementor-text-editor elementor-clearfix\"><p>El proyecto de colaboraci\u00f3n tiene dos objetivos generales:<\/p><ol><li>Establecer una red cooperaci\u00f3n internacional para generar el intercambio acad\u00e9mico y de investigaci\u00f3n entre la comunidad cient\u00edfica Chilena y de Regi\u00f3n Valonia, espec\u00edficamente en dos \u00e1reas: Arquitectura Resiliente* para responder al cambio clim\u00e1tico y los desastres naturales en Chile y Net Zero Energ\u00eda en Edificios (NZEB)*.<\/li><\/ol><ol start=\"2\"><li>Formaci\u00f3n de capital humano avanzado para el fortalecimiento de los postgrado en las distintas \u00e1reas y divulgaci\u00f3n \u00a0del conocimiento a la comunidad acad\u00e9mica Chileno-Belga e instituciones p\u00fablicas: Ministerio de Desarrollo Social y\/o Ministerio de Obras P\u00fablicas.<\/li><\/ol><p>El objetivo principal de este proyecto de colaboraci\u00f3n es identificar tendencias en el nivel internacional a fin de establecer las \u00e1reas posibles del desarrollo de Arquitectura Resiliente y NZEB en Chile, considerando la realidad clim\u00e1tica, tecnol\u00f3gica, econ\u00f3mica y social. Ambos de estos objetivos son indicativos de las \u00e1reas principales del proyecto. Por un lado, el proyecto se conectar\u00e1 a investigadores de centros de investigaci\u00f3n a nivel internacional que trabajan en Arquitectura Sustentable, Resiliencia y Eficiencia Energ\u00e9tica desarrollando investigaci\u00f3n relevantes en el \u00e1rea, para poder establecer una agenda de estudios centrados en la respuesta al cambio clim\u00e1tico y desastres naturales. Por otro lado, el proyecto desarrollar\u00e1 acciones concretas para promover la formaci\u00f3n de capital humano que permitan fortalecer la comunidad cient\u00edfica tanto en Chile como en la regi\u00f3n Valonia.<\/p><p>* <em>Net Zero Energ\u00eda\u00a0 en Edificios (NZEB): se refiere al desarrollo de sistemas de eficiencia energ\u00e9tica para alcanzar edificios con un consumo neto de energ\u00eda igual a cero. <\/em><\/p><p>*<em>Arquitectura resiliente: edificaciones que permitan una adecuada adaptaci\u00f3n a los fen\u00f3menos de cambio clim\u00e1tico y desastres naturales a trav\u00e9s del estudio de la realidad local para proveer soluciones afines y asequibles. <\/em><\/p><p><strong>Objetivos espec\u00edficos<\/strong><\/p><ol><li><strong>\u00a0<\/strong>Identificar \u00e1reas de desarrollo para investigaci\u00f3n aplicada en el contexto chileno entre el grupo especializado\u00a0 en las dos \u00e1reas declaradas, para definir las v\u00edas de integraci\u00f3n en el \u00e1mbito cient\u00edfico y acad\u00e9mico.<\/li><li>Desarrollar una agenda de investigaciones y\/o proyectos posibles que vinculen la experiencia en el \u00e1rea de las comunidades cient\u00edficas chileno-belga con las l\u00edneas de desarrollo los centro de formaci\u00f3n acad\u00e9mica de las unidades participantes de cada universidad, el centro tecnol\u00f3gico (CITEC) y \u00a0los organismos p\u00fablicos.\u00a0<\/li><li>Ejecutar publicaciones \u00a0que integran las distintas comunidades permitiendo incorporar el NZEB \u00a0y la Arquitectura Resiliente en la investigaci\u00f3n en Chile y la Regi\u00f3n Valonia<\/li><li>Generar un intercambio acad\u00e9mico de conocimiento y know-how de los principios aplicados en experiencias internacionales en NZEB y Arquitectura Resiliente<\/li><li>Divulgaci\u00f3n de los resultados de investigaciones que resulten del periodo de colaboraci\u00f3n a la comunidad cient\u00edfica chilena,\u00a0 integrando a los especialistas de la Regi\u00f3n Valonia.<\/li><\/ol><\/div>\n\t\t\t\t<\/div>\n\t\t\t\t<\/div>\n\t\t\t\t\t\t<\/div>\n\t\t\t<\/div>\n\t\t<\/div>\n\t\t\t\t\t\t<\/div>\n\t\t\t<\/div>\n\t\t<\/section>\n\t\t\t\t\t\t<\/div>\n\t\t\t<\/div>\n\t\t<\/div>\n\t\t","protected":false},"excerpt":{"rendered":"<p>T\u00edtulo Resiliencia &amp; Net-Zero Energ\u00eda en Edificios Investigadores\/as Mar\u00eda Beatriz Piderit Alexis P\u00e9rez Fargallo Cecilia Poblete Magali Bodart Shady Attia Objetivo El objetivo principal de este proyecto es desarrollar conocimientos en las diferentes \u00e1reas de la investigaci\u00f3n en Resiliencia y Net Zero Energ\u00eda en la edificaci\u00f3n en Chile, para responder al cambio clim\u00e1tico y los [&hellip;]<\/p>\n","protected":false},"author":2,"featured_media":2660,"parent":0,"menu_order":0,"comment_status":"closed","ping_status":"closed","template":"","meta":{"footnotes":""},"class_list":["post-3508","page","type-page","status-publish","has-post-thumbnail","hentry"],"jetpack_sharing_enabled":true,"_links":{"self":[{"href":"http:\/\/cope.ubiobio.cl\/index.php?rest_route=\/wp\/v2\/pages\/3508","targetHints":{"allow":["GET"]}}],"collection":[{"href":"http:\/\/cope.ubiobio.cl\/index.php?rest_route=\/wp\/v2\/pages"}],"about":[{"href":"http:\/\/cope.ubiobio.cl\/index.php?rest_route=\/wp\/v2\/types\/page"}],"author":[{"embeddable":true,"href":"http:\/\/cope.ubiobio.cl\/index.php?rest_route=\/wp\/v2\/users\/2"}],"replies":[{"embeddable":true,"href":"http:\/\/cope.ubiobio.cl\/index.php?rest_route=%2Fwp%2Fv2%2Fcomments&post=3508"}],"version-history":[{"count":12,"href":"http:\/\/cope.ubiobio.cl\/index.php?rest_route=\/wp\/v2\/pages\/3508\/revisions"}],"predecessor-version":[{"id":3629,"href":"http:\/\/cope.ubiobio.cl\/index.php?rest_route=\/wp\/v2\/pages\/3508\/revisions\/3629"}],"wp:featuredmedia":[{"embeddable":true,"href":"http:\/\/cope.ubiobio.cl\/index.php?rest_route=\/wp\/v2\/media\/2660"}],"wp:attachment":[{"href":"http:\/\/cope.ubiobio.cl\/index.php?rest_route=%2Fwp%2Fv2%2Fmedia&parent=3508"}],"curies":[{"name":"wp","href":"https:\/\/api.w.org\/{rel}","templated":true}]}}